
Let w(y) = -279*y**3 + y**2. Let n be w(-1). Let a be ((-126)/(-336) - 349/(-8)) + (-2 - 2). Calculate the highest common divisor of a and n.
40
Suppose -3*g = -4*u - 39, 2*g + 4*u - 7 = -1. Suppose -5*c + g = 9. Suppose c = -11*b + 7 + 202. Calculate the highest common divisor of 19 and b.
19
Suppose -6*x + 150 = 120. Suppose 6*t + 20 = t, -97 = -x*i + 3*t. Calculate the greatest common factor of i and 153.
17
Let s be ((51/9 - 5) + -3)*-3117. Calculate the greatest common factor of 7 and s.
7
Suppose -2*o + 4 = 5*p, o - 3*p - 20 = -7. Let x(b) = -2*b**3 - o*b**2 + b**3 + 8*b**2. Let i be x(-2). Calculate the highest common divisor of i and 12.
12
Let y be (-16 - 2)/((-9)/(-12)). Let o be (1 + 4)*y/(-40). Suppose -4*c + 2*c = -f + 180, -o*c = 0. Calculate the greatest common factor of f and 72.
36
Let d = 21 + 25. Suppose 0 = -160*y + 161*y + d. Let c = 24 - y. Calculate the greatest common divisor of c and 14.
14
Let u be 32/(-20)*(0 + 15/(-6)). Suppose 6*w - 2*w + v = 85, 81 = u*w - 3*v. What is the highest common divisor of w and 546?
21
Let c(g) = 4*g + 206. Let d be c(-17). Let l be (-26 - -40)*d/7. Suppose h + 138 = 4*h. Calculate the greatest common divisor of h and l.
46
Suppose 2*p - f - 623 = 0, -p + 40 = -5*f - 303. Calculate the highest common factor of p and 462.
154
Let w = 5299 - 5285. Let l = -591 - -418. Let j = -75 - l. What is the highest common divisor of j and w?
14
Let v(g) be the first derivative of -23*g**2/2 - 35*g + 25. Let m be v(-7). What is the greatest common divisor of 21 and m?
21
Let f(u) = 14*u**3 + 8*u**2 + 7*u + 1. Let c be f(-3). Let v = c - -330. What is the highest common divisor of v and 64?
4
Let s(a) = -12*a - 8. Let n be s(-8). Suppose -38 = -6*m + 148. Let z = m - 23. Calculate the highest common factor of n and z.
8
Let b = 24816 - 15969. Calculate the highest common divisor of 9 and b.
9
Let z = -338 - -339. Suppose z = k + 3, 2*k + 114 = 5*v. Calculate the highest common factor of 638 and v.
22
Let v be -68*((-88)/(-6))/((-8)/12). Calculate the highest common factor of 51 and v.
17
Let x(v) = -v**3 - 51*v**2 - 127*v - 552. Let b be x(-52). Calculate the greatest common divisor of b and 110.
22
Let d(j) = -j**3 + j**2 + 6. Let s be d(0). Suppose 67 = s*t - 23. Calculate the highest common divisor of t and 25.
5
Suppose -63 = -2*a - 21. Let m(d) = d**2 - 18*d + 3. Let r be m(5). Let v = -56 - r. What is the greatest common factor of v and a?
3
Suppose 0 = 48*q - 107*q + 35695. Calculate the highest common factor of 495 and q.
55
Let i = 117 - -30. Let f = 39 - 18. Calculate the highest common divisor of i and f.
21
Suppose 2*l = 3*r + 43, -r = 4*l - 3*l - 29. Let i(x) = -20*x + 16. Let a be i(9). Let g = -99 - a. Calculate the highest common factor of g and l.
13
Let l = 499 + -296. Suppose -3*k - 185 = -200. Suppose -5*z - 224 = -k*u - 64, 2*u = 5*z + 73. What is the highest common factor of u and l?
29
Suppose -16218 = -71*v - 35*v. Calculate the highest common divisor of 54 and v.
9
Let h = -743 - -753. Suppose -66 = -h*c + 124. What is the highest common factor of 1862 and c?
19
Suppose y + 4*j = -12, 2*j - 4*j = 0. Let l = 2 - y. What is the highest common divisor of 35 and l?
7
Suppose x = 1, -2*x + 159 = 2*a - a. Suppose a - 53 = 4*j. Let w be 1001*7/(-3)*24/(-196). Calculate the greatest common divisor of j and w.
26
Suppose -5 = 22*a - 181. Suppose -k - 2*k + 4*t = -319, -2*t + 4 = 0. Let y = 197 - k. Calculate the highest common divisor of a and y.
8
Suppose 131*i = 128*i + 4182. Let s = i + -175. What is the greatest common factor of 53 and s?
53
Suppose -63*a + 47*a + 2352 = 0. Let y = 33 + 163. What is the highest common factor of a and y?
49
Suppose r = 5*j - r - 4038, 0 = 3*j + r - 2414. Suppose 3*h - 13 - 34 = 31. Calculate the greatest common factor of j and h.
26
Let d be (-8 - (-53)/7)/(1/(-30))*56. Calculate the highest common factor of 1950 and d.
30
Let b(y) = -39*y + 1234. Let x be b(30). Calculate the highest common divisor of x and 352.
32
Suppose -3*s = 6, -2*s - s = 4*m - 6. Let r be (2/m)/(10/(-15)). Let t be -2*(10*r - -3). What is the highest common divisor of t and 28?
14
Suppose -26*m + 35*m = 5769. Let g = m + -317. What is the greatest common divisor of 12 and g?
12
Suppose 3*h - 4 = 5*h, 0 = -3*y + 3*h + 237. Let n be 14*(-78)/(-12) + -3. What is the highest common divisor of n and y?
11
Suppose 2*f + 4*m = 12, 38*f = 33*f + 6*m + 30. Calculate the greatest common factor of 102 and f.
6
Let y = -4489 + 6973. Let i be (2 - (y/6)/3)/(-2). What is the greatest common factor of 51 and i?
17
Suppose 177*p = 5825 + 13822. Calculate the highest common factor of p and 703.
37
Let r be -1 - 129*(-3)/9. Let w be 10/((-3)/r*(-1)/2). Calculate the highest common divisor of 112 and w.
56
Let i be (-7 - (-282)/42) + 10/(-14). Let m be (-10 + i + 6)/((-3)/27). Suppose -z = -8 - 1. Calculate the greatest common divisor of m and z.
9
Let t = -29448 + 32723. What is the greatest common divisor of t and 50?
25
Suppose -231 = -9*z + 39. Let n = z - 28. Suppose 216 = 6*k + n*k. Calculate the greatest common divisor of 27 and k.
27
Suppose -2*n - 756 = -c - 106, 5*n + 3250 = 5*c. What is the highest common factor of 925 and c?
25
Let l = -15702 - -62630. Calculate the highest common divisor of 16 and l.
16
Let z(t) = 176*t**2 - 141*t - 541. Let y be z(-4). What is the greatest common factor of y and 17?
17
Suppose -24*h + 95684 + 21268 = 0. Suppose h = -49*r + 14869. What is the highest common divisor of 3 and r?
3
Let a = 47 + 31. Suppose 15*u = a - 3. Suppose 4*i = -u*i + 324. What is the greatest common factor of 9 and i?
9
Let i = 927 - 911. Calculate the highest common factor of 296 and i.
8
Let j = 547 - 431. Calculate the greatest common factor of j and 116.
116
Let o = 293 - 173. Let n be (-15)/3*1 - (-9 - -4). Let z(t) = 3*t**2 + t + 15. Let d be z(n). Calculate the greatest common divisor of o and d.
15
Let h(s) = 2*s**2 + 167 - 81 + 4*s - 87. Let j be h(2). What is the greatest common divisor of 18 and j?
3
Let b = -164 - -198. Suppose 0 = -b*v + 19*v + 480. Calculate the greatest common factor of v and 24.
8
Let g(k) = 2*k**3 + 76*k**2 - k + 15. Let b be g(-38). What is the highest common divisor of 3551 and b?
53
Let l be (2/4)/((-7)/(-112)) - (2 - 10). Let j(o) = -o - 2. Let i be j(-7). Let a = i - 3. What is the highest common divisor of l and a?
2
Suppose -374*x - 1284 = -q - 378*x, 1244 = q - x. What is the highest common divisor of q and 19719?
313
Let q(h) = 5*h**2 - 541*h + 139. Let l be q(108). Calculate the highest common factor of l and 2294.
31
Let n = 89488 - 47208. What is the highest common factor of 35 and n?
35
Let d(u) = -2*u**2 - 7*u - 6. Let r be d(-8). Let c = r - -108. What is the highest common factor of c and 40?
10
Let f = 199 + -196. Let g be (f/5*1)/(155/2325). Calculate the greatest common factor of g and 99.
9
Let i = -3965 + 4636. What is the greatest common divisor of 61 and i?
61
Let b(n) = 15*n**2 - 13 - n + 8 - 3. Let i be b(2). Suppose -u = -2*m + 41, 3*m - 27 = -3*u + 30. Calculate the highest common factor of i and m.
10
Suppose 0 = -4*u + 789 + 451. Suppose -6*h + 47*h = 410. What is the greatest common divisor of h and u?
10
Let q be (-54)/(-28) - (-6)/84*1. Suppose 4*k + 6 = 18. Suppose q*d + 240 = k*d. What is the greatest common divisor of d and 30?
30
Let p(g) = 2*g**3 + 7*g**2 + 3*g + 6. Let h be p(-3). Suppose -h*v = 3*v - 810. Calculate the highest common divisor of v and 225.
45
Suppose -4*q + 52 + 28 = 0. Let w be (9/(-6))/((-3)/q). Let m = -3554 + 3744. What is the greatest common factor of w and m?
10
Let g = 414 - 222. Let p = g - 318. Let z be (-28)/p - 313/(-9). What is the greatest common divisor of z and 7?
7
Suppose 0 = y + 4*m + 161, -5*m = -2*y - 0*m - 257. Let b = -71 - y. Suppose -3*t = u + u - 14, -t - 35 = -5*u. What is the highest common factor of u and b?
7
Suppose -x + 3*u - 4*u = 148, 0 = -x + 4*u - 143. Let n = 158 + x. Let p be (-7)/(((-2)/(-11))/(-2)). Calculate the highest common divisor of n and p.
11
Suppose 2*p - 2*n = -10, 6 = 5*p - n + 35. Let m = 7 - p. Calculate the greatest common factor of 143 and m.
13
Let s(c) = 9*c**3 - 12*c**2 + 18*c - 75. Let b be s(5). Calculate the highest common fac